 = 2*o - o**2 + o**2 - o**2 + 35 + 0*o. What are the prime factors of q(0)?
5, 7
List the prime factors of (2/6)/((-2)/(-18)).
3
Let g be 28/3 - (-8)/12. What are the prime factors of 12/g*(-180)/(-8)?
3
List the prime factors of 5 + (2 - 0) + 261.
2, 67
Suppose 5*q = -5*t + 475, 2*q + 4*t - 6*t - 198 = 0. List the prime factors of q.
97
Suppose 0*n - 6 = -3*n. Suppose -4*d + n*y + 15 = y, 5*y = 5*d - 30. Suppose -z + 15 = -d*m, -6*z + 14 = -4*z - 2*m. List the prime factors of z.
3
Suppose 30 = 3*h - 18. Let t = -5 + h. List the prime factors of t.
11
Suppose -4*s = -5*s + 168. What are the prime factors of s?
2, 3, 7
Suppose 4*u - u = 1179. List the prime factors of u.
3, 131
Suppose 0 = -o - 3*o + 4*i + 2276, 0 = 2*o - 3*i - 1133. Suppose n + 318 + o = 0. List the prime factors of (-2)/13 + n/(-52).
17
Let m(c) be the second derivative of -5*c**3/6 + 11*c**2/2 + 6*c. List the prime factors of m(-7).
2, 23
Let t be 9/6*2/(-3). Let b be 3 + t - (0 - 1). Suppose b*h = -0*n - 3*n + 42, 3 = h. List the prime factors of n.
11
What are the prime factors of 19*(0 - (-1 + 0))?
19
Let i = -1 - 11. Let g(j) = 2*j + 45. Let x(f) = f + 23. Let p(o) = -2*g(o) + 5*x(o). What are the prime factors of p(i)?
13
Let w = 10 - 6. Suppose 2*t = w + 34. List the prime factors of t.
19
Suppose 5*m + m = 510. List the prime factors of m.
5, 17
Let f = 9 - 7. List the prime factors of f.
2
Suppose a - 9 = -3*h, 0 = 4*a + 2*h - 17 + 1. Suppose 5*i - 18 = b, a*i + 5 - 15 = b. Suppose -b = s - 12. What are the prime factors of s?
2, 5
Let c be -2 - ((0 - 6) + 1). Suppose -3*l - 2*s = -4, 5*l + c*s = -s + 6. Suppose 0 = -k + l*k - 5. List the prime factors of k.
5
Suppose -3*y = 2*t + 25, -2*t - 4*y - y - 35 = 0. Let m(c) = -c - 2. Let n be m(t). Suppose -u = -n*u + 30. What are the prime factors of u?
3, 5
Let v be (-18)/(-8) - (-1)/(-4). List the prime factors of 7 - v*(2 - 1).
5
Let v = 9 + -5. Suppose 0*p - v*p - l + 35 = 0, -2*p + 2*l = -20. List the prime factors of p.
3
Let o = 5 - -3. What are the prime factors of o?
2
Let r(p) = -p**2 - 24*p - 13. List the prime factors of r(-15).
2, 61
Let y = -64 - -128. What are the prime factors of y?
2
Suppose z = 2*z - 48. List the prime factors of z.
2, 3
Let c(z) = 3*z + 4. List the prime factors of c(4).
2
Let g(r) = -r - 5. Let q be g(7). Let t = 17 + q. Suppose -2*u + 1 + 3 = -2*a, -t*u = -a - 22. List the prime factors of u.
5
Suppose 4*j - 5*c = 296, 2*c + 50 = -j + 137. What are the prime factors of j?
79
Suppose 4*u + 4*g = -u, 3*g = -u - 11. Let n(o) = -o**2 + 14*o - 3. Let m be n(10). What are the prime factors of u/6 - m/(-3)?
13
Let s(a) = 22*a + 1. Let m be s(-1). Let r = m - -11. Let h = r - -20. What are the prime factors of h?
2, 5
Suppose 2*g - 20 = -2*g. List the prime factors of g/(-2)*(8 - 12).
2, 5
Suppose -3*r + 5*r - 10 = 0. Let w = 2 - 10. List the prime factors of 0 + 7 + w + r.
2
Suppose -3*o - 3*c + 21 = -27, 5*o + 2*c - 83 = 0. What are the prime factors of o?
17
Let y = 26 + 5. What are the prime factors of y?
31
Let x = 6 - -4. Let g = 0 - 0. Let u = x + g. List the prime factors of u.
2, 5
What are the prime factors of (67*3/9)/((-3)/(-9))?
67
Suppose 5*y + 2*i - 78 = -0*y, -3*y + 34 = -2*i. List the prime factors of 33/7 - (-4)/y.
5
Let p(n) = 2*n**2 - 4*n + 4. Let h be p(3). List the prime factors of 4/h - (-615)/25.
5
Suppose 4*k - 18 + 10 = 0. Suppose 0 = 3*o + k*o - 110. List the prime factors of o.
2, 11
Let w(n) = -4*n + 34. Let a(i) = 2*i - 17. Let z(g) = -7*a(g) - 3*w(g). List the prime factors of z(-8).
3, 11
List the prime factors of -3 - (-2 - (2 + 1)).
2
Suppose 385 = 6*o - 41. List the prime factors of o.
71
Let n(c) be the first derivative of c**3/3 + 3*c**2/2 - c - 3. Let j be n(-4). Let x = j - 1. What are the prime factors of x?
2
Let h be 24/15 - (-2)/5. Let o = h + 0. Suppose -o*x + 26 - 10 = 0. List the prime factors of x.
2
Let g = 64 - -144. What are the prime factors of g?
2, 13
Let z = -58 + 84. Let h = 53 - z. List the prime factors of h.
3
Let r(u) = u**3 + 2 + u - u**2 + 3*u - 5*u. Let x be r(0). Suppose -x*b + 6 = -8. List the prime factors of b.
7
List the prime factors of 44 + 6*(-4)/(-12).
2, 23
Suppose -16 = 4*s - 48. Let t(u) = -u**2 + 7*u + 8. Let a be t(s). Suppose 6*i - 3*i - 36 = a. What are the prime factors of i?
2, 3
Let z = -233 - -351. List the prime factors of z.
2, 59
Let v(z) = 2 + 4 - 3 - z. Suppose 0*i = -5*i - 20. List the prime factors of v(i).
7
Let q(u) = -u**2 + 6*u - 2. Let l(w) = w**2 - 5*w + 1. Let n(r) = -4*l(r) - 3*q(r). Let a be n(4). Let p = -3 - a. List the prime factors of p.
3
Let b = 2 + -1. Let o be (b/2)/((-1)/(-16)). Suppose -4*j + o*j = 48. List the prime factors of j.
2, 3
What are the prime factors of ((-4725)/84)/((-3)/8)?
2, 3, 5
Suppose -5*u + 22 = 2, -o + 3*u = -44. Let w = -29 + o. Suppose -2*t + 5*t = w. What are the prime factors of t?
3
Let p(g) = 23*g - 6. What are the prime factors of p(3)?
3, 7
Let w be 10/(-3)*27/(-3). Suppose -2*x + 0*x = -8. Suppose x*v = v + w. What are the prime factors of v?
2, 5
What are the prime factors of ((-176)/20 + -2)*-10?
2, 3
Suppose 21 = 2*c - 1. Let w = c - 1. What are the prime factors of w?
2, 5
Suppose z - 77 = -2*c, 3*c - 75 = -2*z + z. List the prime factors of z.
3
Let j(s) = -3*s**2 + s**2 + s - 4*s**2 - 2 + 0*s**3 + s**3. What are the prime factors of j(6)?
2
Let w(j) = 15*j - 14. List the prime factors of w(7).
7, 13
Suppose -7*v = -2*v - 215. Suppose -10 + v = n. What are the prime factors of n?
3, 11
Suppose 0 = 6*f - f + 30. Let t(j) = -j**3 - 7*j**2 - 8*j - 7. What are the prime factors of t(f)?
5
Suppose -4*f = -2*n + 4*n - 2, -2*f = 5*n - 5. Let i = f - -5. What are the prime factors of i?
5
Let s be (-2)/(-1 + (-25)/(-27)). Suppose -2*v + 6*v - 23 = -h, -v = -4*h - s. List the prime factors of v.
7
Let b be (-2)/5 + 196/(-10). Let w be (27/6)/(2/b). Let q = -25 - w. List the prime factors of q.
2, 5
Let i(s) = -s**3 + 3*s**2 + 2*s - 3. Suppose -k - 2*k = 0. Suppose k*z + 15 = 5*z. What are the prime factors of i(z)?
3
Let b(a) = 2*a**3 + 3*a**2 + 2*a + 2. Let p be b(-2). Let n(x) = -5*x - 11. List the prime factors of n(p).
19
Let q(c) = c**3 + 4*c**2 + 3*c + 1. Let r be q(-4). What are the prime factors of 8/(-44) + (-35)/r?
3
What are the prime factors of (-2)/(-4*(-1)/(-58))?
29
Suppose -n + 4 = -a, 2*n - 3*n + 3*a + 6 = 0. Suppose 14 - 2 = n*y. List the prime factors of y.
2
Let i = 40 - 28. List the prime factors of i.
2, 3
Let r(g) = 15*g - 38. What are the prime factors of r(12)?
2, 71
Let q(y) be the second derivative of y**5/20 - 5*y**4/6 + 4*y**3/3 + 11*y**2/2 - 2*y. Let g be q(9). List the prime factors of -1 - -14 - 4/g.
11
Let b(j) = -j**2 + 2*j + 11. Let t(a) = a**2 - 3*a - 12. Let h(c) = -7*b(c) - 6*t(c). Let s be h(-5). Let f = 4 + s. What are the prime factors of f?
2
Suppose -g + 3 = -11. List the prime factors of g.
2, 7
Suppose -q = -5*t - 24, -2*q = t - 1 + 8. Let h = 7 + t. List the prime factors of h/4 + 14/4.
2
Suppose -6 = -3*c + 6. List the prime factors of 3/2*c/3.
2
What are the prime factors of (-2)/3 + (-356)/(-12)?
29
Let u(b) = -13*b - 15. What are the prime factors of u(-7)?
2, 19
Suppose 3*l - 203 = -4*n, l - n = 14 + 49. What are the prime factors of l?
5, 13
Suppose 0*s - 4 = -s. What are the prime factors of 9 - s/(-6)*-3?
7
Let w = 18 - 13. Let t = 10 - w. Suppose -3*z - 2*n = -33, t*n - 50 = -0*z - 5*z. List the prime factors of z.
13
Suppose 2*u + 0 = 10. Let s = -281 - -557. What are the prime factors of (-1)/u - s/(-30)?
3
Suppose -x = -4*q + 762, -x + 3*x = -2*q + 376. List the prime factors of q.
2, 5, 19
Let b(c) = 2*c + 4. Let v be b(6). What are the prime factors of (84/48)/(1/v)?
2, 7
Suppose 0 = -v + a + 58 + 58, a + 560 = 5*v. Suppose 5*t + 6 = v. List the prime factors of t.
3, 7
Let k(q) = q**3 + 15*q**2 + 14*q + 6. Let s be k(-14). Suppose -s*d = -2*d - 116. List the prime factors of d.
29
Let s be (-62)/(-6) + (-1)/3. Suppose 0 = -5*m - s, -5*b - 4*m = m - 160. What are the prime factors of b?
2, 17
What are the prime factors of (51/6)/(5/10)?
17
Suppose -4*z = -z + 15. Let m = z - -8. What are the prime factors of m?
3
Suppose j + 21 = m - 50, -3*m + 203 = 2*j. What are the prime factors of m?
3, 23
Su